{"id":59,"date":"2012-06-22T22:03:30","date_gmt":"2012-06-22T20:03:30","guid":{"rendered":"http:\/\/www.arctaedius.se\/montendre\/?page_id=59"},"modified":"2024-12-29T16:59:56","modified_gmt":"2024-12-29T15:59:56","slug":"marknader","status":"publish","type":"page","link":"https:\/\/www.montendre.se\/?page_id=59","title":{"rendered":"Marknader"},"content":{"rendered":"<p>I Montendre \u00e4r det marknad vid f\u00f6ljande tillf\u00e4llen:<\/p>\n<ul>\n<li>Marknad p\u00e5 torsdagar kl 07-12.<\/li>\n<li>Minimarknad uppe p\u00e5 torget med ostron, grillad kyckling och gr\u00f6nsaker p\u00e5 s\u00f6ndagar kl 08-12<\/li>\n<li>Kv\u00e4llsmarknad i juli\/augusti p\u00e5 tisdagkv\u00e4llar.<\/li>\n<\/ul>\n<p>Den 11:e november \u00e4r det varje \u00e5r en stor marknad som t\u00e4cker hela byn (\u00e4ven min gata). D\u00e5 s\u00e4ljs \u00e4ven boskap.<\/p>\n<p>I byn Mirambeau (cirka 20 min med bil) \u00e4r det marknad p\u00e5 l\u00f6rdag f\u00f6rmiddag. Betydligt mindre \u00e4n i Montendre, men de har frukt, gr\u00f6nsaker, fisk och skaldjur.<\/p>\n<p>I Blaye \u00e4r det stor, bra marknad p\u00e5 onsdag- och l\u00f6rdag-f\u00f6rmiddagar.<\/p>\n<p>I Jonzac finns det en matmarknad (inomhus) som \u00e4r \u00f6ppen tisdag och fredag till 15:00 samt l\u00f6rdag f\u00f6rmiddag.<\/p>\n<h3>&#8221;Loppmarknader&#8221;<\/h3>\n<p>Den <a href=\"http:\/\/brocabrac.fr\/Vide-greniers-17\" target=\"_blank\" rel=\"noopener\">h\u00e4r sidan<\/a> visar vilka loppmarknader (vide-greniers, brocante) som p\u00e5g\u00e5r i departementet Charente-Maritime (dep. nr 17).<\/p>\n<p>Eftersom Montendre ligger i syd-\u00f6stra h\u00f6rnet av Charente-Maritime kan \u00e4ven loppmarknader i <a href=\"http:\/\/brocabrac.fr\/Vide-greniers-16-Charente\" target=\"_blank\" rel=\"noopener\">Charente<\/a> (dep. nr 16), <a href=\"http:\/\/brocabrac.fr\/Vide-greniers-24\" target=\"_blank\" rel=\"noopener\">Dordorgne<\/a> (dep. nr 24) och <a href=\"http:\/\/brocabrac.fr\/Vide-greniers-33\" target=\"_blank\" rel=\"noopener\">Gironde<\/a> (dep. nr 33) vara inom \u00f6verkomligt avst\u00e5nd.<\/p>\n<p>Den 15:e augusti varje \u00e5r \u00e4r det loppmarknad i Montendre. H\u00e5ller till vid omr\u00e5det kring badsj\u00f6n.<\/p>\n<p>&nbsp;<\/p>\n","protected":false},"excerpt":{"rendered":"<p>I Montendre \u00e4r det marknad vid f\u00f6ljande tillf\u00e4llen: Marknad p\u00e5 torsdagar kl 07-12. Minimarknad uppe p\u00e5 torget med ostron, grillad kyckling och gr\u00f6nsaker p\u00e5 s\u00f6ndagar kl 08-12 Kv\u00e4llsmarknad i juli\/augusti p\u00e5 tisdagkv\u00e4llar. Den 11:e november \u00e4r det varje \u00e5r en stor marknad som t\u00e4cker hela byn (\u00e4ven min gata). D\u00e5 &#8230;<\/p>\n","protected":false},"author":1,"featured_media":0,"parent":0,"menu_order":80,"comment_status":"closed","ping_status":"open","template":"","meta":{"jetpack_post_was_ever_published":false,"footnotes":""},"jetpack_sharing_enabled":true,"_links":{"self":[{"href":"https:\/\/www.montendre.se\/index.php?rest_route=\/wp\/v2\/pages\/59"}],"collection":[{"href":"https:\/\/www.montendre.se\/index.php?rest_route=\/wp\/v2\/pages"}],"about":[{"href":"https:\/\/www.montendre.se\/index.php?rest_route=\/wp\/v2\/types\/page"}],"author":[{"embeddable":true,"href":"https:\/\/www.montendre.se\/index.php?rest_route=\/wp\/v2\/users\/1"}],"replies":[{"embeddable":true,"href":"https:\/\/www.montendre.se\/index.php?rest_route=%2Fwp%2Fv2%2Fcomments&post=59"}],"version-history":[{"count":17,"href":"https:\/\/www.montendre.se\/index.php?rest_route=\/wp\/v2\/pages\/59\/revisions"}],"predecessor-version":[{"id":6533,"href":"https:\/\/www.montendre.se\/index.php?rest_route=\/wp\/v2\/pages\/59\/revisions\/6533"}],"wp:attachment":[{"href":"https:\/\/www.montendre.se\/index.php?rest_route=%2Fwp%2Fv2%2Fmedia&parent=59"}],"curies":[{"name":"wp","href":"https:\/\/api.w.org\/{rel}","templated":true}]}}

<p>I Montendre är det marknad vid följande tillfällen:</p>
<ul>
<li>Marknad på torsdagar kl 07-12.</li>
<li>Minimarknad uppe på torget med ostron, grillad kyckling och grönsaker på söndagar kl 08-12</li>
<li>Kvällsmarknad i juli/augusti på tisdagkvällar.</li>
</ul>
<p>Den 11:e november är det varje år en stor marknad som täcker hela byn (även min gata). Då säljs även boskap.</p>
<p>I byn Mirambeau (cirka 20 min med bil) är det marknad på lördag förmiddag. Betydligt mindre än i Montendre, men de har frukt, grönsaker, fisk och skaldjur.</p>
<p>I Blaye är det stor, bra marknad på onsdag- och lördag-förmiddagar.</p>
<p>I Jonzac finns det en matmarknad (inomhus) som är öppen tisdag och fredag till 15:00 samt lördag förmiddag.</p>
<h3>&#8221;Loppmarknader&#8221;</h3>
<p>Den <a href="http://brocabrac.fr/Vide-greniers-17" target="_blank" rel="noopener">här sidan</a> visar vilka loppmarknader (vide-greniers, brocante) som pågår i departementet Charente-Maritime (dep. nr 17).</p>
<p>Eftersom Montendre ligger i syd-östra hörnet av Charente-Maritime kan även loppmarknader i <a href="http://brocabrac.fr/Vide-greniers-16-Charente" target="_blank" rel="noopener">Charente</a> (dep. nr 16), <a href="http://brocabrac.fr/Vide-greniers-24" target="_blank" rel="noopener">Dordorgne</a> (dep. nr 24) och <a href="http://brocabrac.fr/Vide-greniers-33" target="_blank" rel="noopener">Gironde</a> (dep. nr 33) vara inom överkomligt avstånd.</p>
<p>Den 15:e augusti varje år är det loppmarknad i Montendre. Håller till vid området kring badsjön.</p>
<p>&nbsp;</p>

<p>I Montendre är det marknad vid följande tillfällen: Marknad på torsdagar kl 07-12. Minimarknad uppe på torget med ostron, grillad kyckling och grönsaker på söndagar kl 08-12 Kvällsmarknad i juli/augusti på tisdagkvällar. Den 11:e november är det varje år en stor marknad som täcker hela byn (även min gata). Då &#8230;</p>
