{"id":41,"date":"2012-06-22T08:26:45","date_gmt":"2012-06-22T06:26:45","guid":{"rendered":"http:\/\/www.arctaedius.se\/montendre\/?page_id=41"},"modified":"2024-12-29T16:49:12","modified_gmt":"2024-12-29T15:49:12","slug":"testsida","status":"publish","type":"page","link":"https:\/\/www.montendre.se\/?page_id=41","title":{"rendered":"Restauranger"},"content":{"rendered":"<h2>Generellt<\/h2>\n<p>De allra flesta restauranger (utom de inne i Bordeaux) har st\u00e4ngt p\u00e5 s\u00f6ndagar. Ganska m\u00e5nga har \u00e4ven st\u00e4ngt p\u00e5 m\u00e5ndagkv\u00e4llar. En bra n\u00f6dl\u00f6sning om b\u00e5de restauranger och mataff\u00e4ren \u00e4r st\u00e4ngd \u00e4r pizzerian Atout Pizz&#8217; som alltid \u00e4r \u00f6ppen p\u00e5 kv\u00e4llarna (utom tisdagar?). Bara avh\u00e4mtning. Ligger p\u00e5 3 Avenue de la R\u00e9publique, 5-10 min promenad fr\u00e5n huset.<\/p>\n<h2>I Montendre<\/h2>\n<ul>\n<li>Mycket bra restaurang som har nya \u00e4gare sedan oktober 2021:\u00a0<a href=\"https:\/\/restocavequincaillerie.fr\" target=\"_blank\" rel=\"noopener\">La Quincaillerie<\/a>.<\/li>\n<li>Restaurant Bruschetteria Talmelier. Ligger p\u00e5 12 Rue Temple n\u00e4ra torget. Lite mer rustik mat \u00e4n Quincaillerian. \u00d6ppen p\u00e5 kv\u00e4llen enbart p\u00e5 l\u00f6rdagar (ibland p\u00e5 fredagar ocks\u00e5).<\/li>\n<li><a href=\"https:\/\/www.facebook.com\/ChaiVousMontendre\/\" target=\"_blank\" rel=\"noopener\">Chai Vous<\/a>, en slags bar vid torget som serverar enklare r\u00e4tter. Oklara \u00f6ppettider.<\/li>\n<li><a href=\"https:\/\/www.charliescafe.net\/en\" target=\"_blank\" rel=\"noopener\">Charlie&#8217;s cafe<\/a> ligger vid Mysterra och badplatsen. Helt okey mat och bra priser.<\/li>\n<li><a href=\"https:\/\/leyami.fr\" target=\"_blank\" rel=\"noopener\">Le Yami<\/a> pizzeria p\u00e5 gatan upp mot torget.<\/li>\n<li>Sedan finns n\u00e5gra asiatiska restauranger\/h\u00e4mtmat och pizzerior.<del><\/del><\/li>\n<\/ul>\n<h2>I n\u00e4rheten<\/h2>\n<ul>\n<li><a href=\"https:\/\/auberge.decercoux.com\" target=\"_blank\" rel=\"noopener\">Auberge de Cercoux<\/a> ligger 25 km syd-\u00f6st fr\u00e5n Montendre. Bra restaurang med meny och a la carte.<\/li>\n<li>5 km \u00f6sterut finns <a href=\"https:\/\/goo.gl\/maps\/g3UMuzbdPmu\" target=\"_blank\" rel=\"noopener\">La Diligence<\/a> i byn Chepniers. Har \u00f6ppet p\u00e5 s\u00f6ndagar. Bra mat och bra pris.<\/li>\n<li><a href=\"http:\/\/www.chateauxmirambeau.com\" target=\"_blank\" rel=\"noopener\">Ch\u00e2teau de Mirambeau<\/a> i grannbyn Mirambeau (cirka 15 minuter med bil) \u00e4r lyxigt och pampigt men har st\u00e4ngt efter pandemin och kommer \u00f6ppna igen 2025. Tidigare hade man en Michelin-stj\u00e4rna.<\/li>\n<li>Billig och ok restaurang i Blaye, La Gavroche,\u00a012 Rue Neuve\u00a0(cirka 30 minuter med bil).<\/li>\n<li>Mycket bra restaurang i Jonzac (cirka 20 minuter med bil), <a href=\"http:\/\/www.comptoir-du-marche.net\" target=\"_blank\" rel=\"noopener\">Comptoir du March\u00e9<\/a>, 17 Rue Saint Gervais\u00a017500\u00a0Jonzac.<\/li>\n<li>En annan bra restaurang i Jonzac \u00e4r <a href=\"http:\/\/lhub.free.fr\/LeCoqdOr\/LeCoqDor.html\" target=\"_blank\" rel=\"noopener\">Le Coq d&#8217;Or<\/a>, Place du Ch\u00e2teau, 17500\u00a0Jonzac. Har Michelins\u00a0<a href=\"http:\/\/www.viamichelin.com\/web\/Restaurant\/Jonzac-17500-Hostellerie_du_Coq_d_Or-202393-41102\" target=\"_blank\" rel=\"noopener\">Good Value Menu<\/a>.<\/li>\n<li>Ytterligare en i Jonzac \u00e4r <a href=\"https:\/\/bistrot-chez-loic-jonzac.eatbu.com\/?lang=fr\" target=\"_blank\" rel=\"noopener\">Chez Lo\u00efc<\/a>, ligger p\u00e5 37 Place du Chateau. L\u00e5ngsam servering f\u00f6rsta g\u00e5ngen vi var d\u00e4r men bra mat, stora portioner. Prisv\u00e4rt.<\/li>\n<li><a href=\"http:\/\/www.tripadvisor.fr\/Restaurant_Review-g2139142-d4128499-Reviews-Le_grain_de_sel-Chevanceaux_Charente_Maritime_Poitou_Charentes.html\" target=\"_blank\" rel=\"noopener\">Le Grain de Sel<\/a> i Chevanceaux (cirka 15 minuter med bil).<\/li>\n<li><a href=\"http:\/\/restaurant-lebonrepas.fr\" target=\"_blank\" rel=\"noopener\">Le Bon Repas<\/a> i Barbezieux (cirka 35 minuter med bil). \u00d6ppet alla kv\u00e4llar utom s\u00f6ndag.<\/li>\n<li>Lite norr om Royan ligger St Palais och d\u00e4r finns <a href=\"http:\/\/www.fruitsdemer-lesvivierscharentais.fr\" target=\"_blank\" rel=\"noopener\">Viviers-Charentais<\/a>\u00a0(cirka 1 timme och 10 min med bil). En skaldjursmarknad d\u00e4r man \u00e4ven kan \u00e4ta p\u00e5 plats det man k\u00f6per. \u00d6ppet 09:00-21:00 p\u00e5 sommarm\u00e5naderna. Alla dagar i veckan.<\/li>\n<\/ul>\n<p>Fler restauranger kan man hitta under <a href=\"http:\/\/www.haute-saintonge.net\/cdchs\/\" target=\"_blank\" rel=\"noopener\">Haute-Saintonges sidor<\/a> Tourisme &#8211; S\u00e9journer.<\/p>\n","protected":false},"excerpt":{"rendered":"<p>Generellt De allra flesta restauranger (utom de inne i Bordeaux) har st\u00e4ngt p\u00e5 s\u00f6ndagar. Ganska m\u00e5nga har \u00e4ven st\u00e4ngt p\u00e5 m\u00e5ndagkv\u00e4llar. En bra n\u00f6dl\u00f6sning om b\u00e5de restauranger och mataff\u00e4ren \u00e4r st\u00e4ngd \u00e4r pizzerian Atout Pizz&#8217; som alltid \u00e4r \u00f6ppen p\u00e5 kv\u00e4llarna (utom tisdagar?). Bara avh\u00e4mtning. Ligger p\u00e5 3 Avenue de &#8230;<\/p>\n","protected":false},"author":1,"featured_media":0,"parent":0,"menu_order":50,"comment_status":"closed","ping_status":"closed","template":"","meta":{"jetpack_post_was_ever_published":false,"footnotes":""},"jetpack_sharing_enabled":true,"_links":{"self":[{"href":"https:\/\/www.montendre.se\/index.php?rest_route=\/wp\/v2\/pages\/41"}],"collection":[{"href":"https:\/\/www.montendre.se\/index.php?rest_route=\/wp\/v2\/pages"}],"about":[{"href":"https:\/\/www.montendre.se\/index.php?rest_route=\/wp\/v2\/types\/page"}],"author":[{"embeddable":true,"href":"https:\/\/www.montendre.se\/index.php?rest_route=\/wp\/v2\/users\/1"}],"replies":[{"embeddable":true,"href":"https:\/\/www.montendre.se\/index.php?rest_route=%2Fwp%2Fv2%2Fcomments&post=41"}],"version-history":[{"count":84,"href":"https:\/\/www.montendre.se\/index.php?rest_route=\/wp\/v2\/pages\/41\/revisions"}],"predecessor-version":[{"id":6526,"href":"https:\/\/www.montendre.se\/index.php?rest_route=\/wp\/v2\/pages\/41\/revisions\/6526"}],"wp:attachment":[{"href":"https:\/\/www.montendre.se\/index.php?rest_route=%2Fwp%2Fv2%2Fmedia&parent=41"}],"curies":[{"name":"wp","href":"https:\/\/api.w.org\/{rel}","templated":true}]}}